{"id":4041,"date":"2025-06-01T11:43:07","date_gmt":"2025-06-01T09:43:07","guid":{"rendered":"http:\/\/oizpp.pl\/?page_id=4041"},"modified":"2025-06-01T17:51:17","modified_gmt":"2025-06-01T15:51:17","slug":"1-projekt-ustawy-o-zaawansowanej-praktyce-pielegniarskiej-apn","status":"publish","type":"page","link":"http:\/\/oizpp.pl\/?page_id=4041","title":{"rendered":"1 Projekt Ustawy o Zaawansowanej Praktyce Piel\u0119gniarskiej &#8211; APN"},"content":{"rendered":"\n<p class=\"has-text-align-center has-luminous-dusk-gradient-background has-background\"><strong>Tre\u015b\u0107 projektu ustawy<\/strong>:<\/p>\n\n\n\n<div data-wp-interactive=\"core\/file\" class=\"wp-block-file\"><object data-wp-bind--hidden=\"!state.hasPdfPreview\" hidden class=\"wp-block-file__embed\" data=\"http:\/\/oizpp.pl\/wp-content\/uploads\/2025\/06\/Projekt_ustawy_APN_2025-3.pdf\" type=\"application\/pdf\" style=\"width:100%;height:600px\" aria-label=\"Osadzone z Projekt_ustawy_APN_2025.\"><\/object><a id=\"wp-block-file--media-d5f065b0-06e3-4d00-a9a2-412176da3dbe\" href=\"http:\/\/oizpp.pl\/wp-content\/uploads\/2025\/06\/Projekt_ustawy_APN_2025-3.pdf\">Projekt_ustawy_APN_2025<\/a><a href=\"http:\/\/oizpp.pl\/wp-content\/uploads\/2025\/06\/Projekt_ustawy_APN_2025-3.pdf\" class=\"wp-block-file__button wp-element-button\" download aria-describedby=\"wp-block-file--media-d5f065b0-06e3-4d00-a9a2-412176da3dbe\">Pobierz<\/a><\/div>\n\n\n\n<p>.<\/p>\n\n\n\n<p class=\"has-luminous-vivid-amber-background-color has-background\">\ud83d\udc49 <strong>Przeczytaj petycj\u0119 i do\u0142\u0105cz swoim podpisem<\/strong>: <a href=\"https:\/\/www.petycjeonline.com\/petycja_w_sprawie_rzeczywistego_wdroenia_zaawansowanej_praktyki_pielgniarskiej_apn_w_polskim_systemie_ochrony_zdrowia\">https:\/\/www.petycjeonline.com\/petycja_w_sprawie_rzeczywistego_wdroenia_zaawansowanej_praktyki_pielgniarskiej_apn_w_polskim_systemie_ochrony_zdrowia<\/a><\/p>\n\n\n\n<p class=\"has-text-align-center has-electric-grass-gradient-background has-background\"><strong>Pomocne linki:<\/strong><\/p>\n\n\n\n<p class=\"has-very-light-gray-to-cyan-bluish-gray-gradient-background has-background\"><strong>Wesprzyj nasz\u0105 inicjatyw\u0119 &#8211; petycja obywatelska<\/strong> &#8211; <a href=\"http:\/\/oizpp.pl\/?page_id=3996\">http:\/\/oizpp.pl\/?page_id=3996<\/a><\/p>\n\n\n\n<p class=\"has-pale-ocean-gradient-background has-background\"><strong>Oficjalne pisma skierowane do instytucji i innych<\/strong> &#8211; <a href=\"http:\/\/oizpp.pl\/?page_id=62\">http:\/\/oizpp.pl\/?page_id=62<\/a><\/p>\n\n\n\n<p class=\"has-very-light-gray-to-cyan-bluish-gray-gradient-background has-background\"><strong>Aktualno\u015bci<\/strong> &#8211; <a href=\"http:\/\/oizpp.pl\/?page_id=208\">http:\/\/oizpp.pl\/?page_id=208<\/a><\/p>\n\n\n\n<p class=\"has-blush-light-purple-gradient-background has-background\"><strong>Kontakt &#8211; przy\u0142\u0105cz si\u0119 do nas<\/strong> &#8211; <a href=\"http:\/\/oizpp.pl\/?page_id=64\">http:\/\/oizpp.pl\/?page_id=64<\/a><\/p>\n\n\n\n<p class=\"has-background\" style=\"background:linear-gradient(135deg,rgb(238,238,238) 0%,rgb(243,217,20) 43%,rgb(169,184,195) 100%)\">W swoim wyst\u0105pieniu (poni\u017cej) Prezes NRPiP, Mariola \u0141odzi\u0144ska, <strong>jednoznacznie potwierdza, \u017ce przez lata systematycznie marginalizowano rol\u0119 piel\u0119gniarki w systemie ochrony zdrowia <\/strong>\u2014 g\u0142\u00f3wnie poprzez uporczyw\u0105 <strong>odmow\u0119 Ministerstwa Zdrowia, by nada\u0107 jej kompetencjom rang\u0119 ustawow\u0105.<\/strong> Co wi\u0119cej, <strong>mimo wieloletnich zaniedba\u0144, dzi\u015b zleca si\u0119 NRPiP opracowanie rekomendacji wdro\u017cenia zaawansowanej praktyki piel\u0119gniarskiej (APN) w Polsce.<\/strong> <strong>Stanowczo protestujemy przeciwko tej instrumentalizacji naszego zawodu!<\/strong><\/p>\n\n\n\n<p class=\"has-very-light-gray-to-cyan-bluish-gray-gradient-background has-background\"><strong>Przekazane przez Ministerstwo Zdrowia pod koniec maja br. 80 milion\u00f3w z\u0142otych na dzia\u0142alno\u015b\u0107 NRPiP to kwota dalece niewystarczaj\u0105ca \u2014 nie rozwi\u0105zuje \u017cadnego z kluczowych problem\u00f3w piel\u0119gniarek i piel\u0119gniarzy, nie wzmacnia ich pozycji w systemie ochrony zdrowia i nie rekompensuje lat zaniedba\u0144. To pr\u00f3ba zamkni\u0119cia ust \u015brodowisku, kt\u00f3re od dawna domaga si\u0119 realnych, ustawowych zmian, a nie dora\u017anych gest\u00f3w<\/strong><\/p>\n\n\n\n<p class=\"has-background\" style=\"background:linear-gradient(135deg,rgb(238,238,238) 0%,rgb(240,232,120) 46%,rgb(169,184,195) 100%)\"><strong>Walczymy<\/strong> o <strong>ustaw\u0119, kt\u00f3ra chroni piel\u0119gniarki przed degradacj\u0105 zawodow\u0105 i systemow\u0105 dyskryminacj\u0105 <\/strong>\u2014 oraz zapewnia im nale\u017cne, <strong>ustawowo gwarantowane miejsce w ochronie zdrowia w Polsce.<\/strong> <\/p>\n\n\n\n<figure class=\"wp-block-video\"><video height=\"1920\" style=\"aspect-ratio: 1080 \/ 1920;\" width=\"1080\" controls src=\"http:\/\/oizpp.pl\/wp-content\/uploads\/2025\/05\/20250528_1836421.mp4\"><\/video><\/figure>\n\n\n\n<p>.<\/p>\n","protected":false},"excerpt":{"rendered":"<p>Tre\u015b\u0107 projektu ustawy: . \ud83d\udc49 Przeczytaj petycj\u0119 i do\u0142\u0105cz swoim podpisem: https:\/\/www.petycjeonline.com\/petycja_w_sprawie_rzeczywistego_wdroenia_zaawansowanej_praktyki_pielgniarskiej_apn_w_polskim_systemie_ochrony_zdrowia Pomocne linki: Wesprzyj nasz\u0105 inicjatyw\u0119 &#8211; petycja obywatelska &#8211; http:\/\/oizpp.pl\/?page_id=3996 Oficjalne pisma skierowane do instytucji i innych &#8211; http:\/\/oizpp.pl\/?page_id=62 Aktualno\u015bci &#8211; http:\/\/oizpp.pl\/?page_id=208 Kontakt &#8211; przy\u0142\u0105cz si\u0119 do nas &#8211; http:\/\/oizpp.pl\/?page_id=64 W swoim wyst\u0105pieniu (poni\u017cej) Prezes NRPiP, Mariola \u0141odzi\u0144ska, jednoznacznie potwierdza, \u017ce przez lata [&hellip;]<\/p>\n","protected":false},"author":1,"featured_media":0,"parent":0,"menu_order":0,"comment_status":"closed","ping_status":"closed","template":"","meta":{"footnotes":""},"class_list":["post-4041","page","type-page","status-publish","hentry"],"_links":{"self":[{"href":"http:\/\/oizpp.pl\/index.php?rest_route=\/wp\/v2\/pages\/4041","targetHints":{"allow":["GET"]}}],"collection":[{"href":"http:\/\/oizpp.pl\/index.php?rest_route=\/wp\/v2\/pages"}],"about":[{"href":"http:\/\/oizpp.pl\/index.php?rest_route=\/wp\/v2\/types\/page"}],"author":[{"embeddable":true,"href":"http:\/\/oizpp.pl\/index.php?rest_route=\/wp\/v2\/users\/1"}],"replies":[{"embeddable":true,"href":"http:\/\/oizpp.pl\/index.php?rest_route=%2Fwp%2Fv2%2Fcomments&post=4041"}],"version-history":[{"count":8,"href":"http:\/\/oizpp.pl\/index.php?rest_route=\/wp\/v2\/pages\/4041\/revisions"}],"predecessor-version":[{"id":4062,"href":"http:\/\/oizpp.pl\/index.php?rest_route=\/wp\/v2\/pages\/4041\/revisions\/4062"}],"wp:attachment":[{"href":"http:\/\/oizpp.pl\/index.php?rest_route=%2Fwp%2Fv2%2Fmedia&parent=4041"}],"curies":[{"name":"wp","href":"https:\/\/api.w.org\/{rel}","templated":true}]}}